me factors of 4749?
3, 1583
List the prime factors of 65181.
3, 21727
What are the prime factors of 17788?
2, 4447
List the prime factors of 2633.
2633
List the prime factors of 3475.
5, 139
What are the prime factors of 130854?
2, 3, 113, 193
What are the prime factors of 1289?
1289
What are the prime factors of 1454?
2, 727
List the prime factors of 828.
2, 3, 23
List the prime factors of 7607.
7607
What are the prime factors of 25307?
25307
What are the prime factors of 314?
2, 157
What are the prime factors of 7870?
2, 5, 787
What are the prime factors of 13696?
2, 107
What are the prime factors of 3509?
11, 29
List the prime factors of 2132.
2, 13, 41
List the prime factors of 203.
7, 29
What are the prime factors of 535?
5, 107
List the prime factors of 6320.
2, 5, 79
What are the prime factors of 101657?
59, 1723
List the prime factors of 36131.
36131
What are the prime factors of 3316?
2, 829
What are the prime factors of 406?
2, 7, 29
What are the prime factors of 29771?
7, 4253
List the prime factors of 4049.
4049
What are the prime factors of 861?
3, 7, 41
List the prime factors of 2392.
2, 13, 23
What are the prime factors of 3650?
2, 5, 73
What are the prime factors of 141435?
3, 5, 7, 449
List the prime factors of 9871.
9871
List the prime factors of 157594.
2, 78797
What are the prime factors of 1428?
2, 3, 7, 17
What are the prime factors of 7975?
5, 11, 29
List the prime factors of 42986.
2, 21493
List the prime factors of 4646.
2, 23, 101
List the prime factors of 17200.
2, 5, 43
What are the prime factors of 14503?
14503
List the prime factors of 522.
2, 3, 29
What are the prime factors of 538?
2, 269
What are the prime factors of 1176?
2, 3, 7
What are the prime factors of 9953?
37, 269
List the prime factors of 3209.
3209
List the prime factors of 6437.
41, 157
What are the prime factors of 2190?
2, 3, 5, 73
List the prime factors of 981.
3, 109
List the prime factors of 64388.
2, 16097
List the prime factors of 19645.
5, 3929
List the prime factors of 1841.
7, 263
List the prime factors of 8821.
8821
What are the prime factors of 709?
709
List the prime factors of 1872.
2, 3, 13
List the prime factors of 27643.
7, 11, 359
List the prime factors of 2310.
2, 3, 5, 7, 11
List the prime factors of 2120.
2, 5, 53
List the prime factors of 42836.
2, 10709
What are the prime factors of 46599?
3, 7, 317
What are the prime factors of 491?
491
What are the prime factors of 78068?
2, 29, 673
What are the prime factors of 1654?
2, 827
What are the prime factors of 11230?
2, 5, 1123
List the prime factors of 1898.
2, 13, 73
What are the prime factors of 6115?
5, 1223
List the prime factors of 1111.
11, 101
What are the prime factors of 40150?
2, 5, 11, 73
What are the prime factors of 14076?
2, 3, 17, 23
What are the prime factors of 2967?
3, 23, 43
List the prime factors of 1686.
2, 3, 281
List the prime factors of 51227.
11, 4657
List the prime factors of 5821.
5821
List the prime factors of 8444.
2, 2111
What are the prime factors of 6949?
6949
What are the prime factors of 2097?
3, 233
List the prime factors of 1506.
2, 3, 251
What are the prime factors of 2209?
47
What are the prime factors of 3181?
3181
List the prime factors of 588.
2, 3, 7
What are the prime factors of 52433?
52433
List the prime factors of 341.
11, 31
List the prime factors of 6301.
6301
What are the prime factors of 6463?
23, 281
What are the prime factors of 4206?
2, 3, 701
What are the prime factors of 1634?
2, 19, 43
List the prime factors of 1894.
2, 947
What are the prime factors of 32448?
2, 3, 13
What are the prime factors of 97?
97
What are the prime factors of 923?
13, 71
What are the prime factors of 338?
2, 13
List the prime factors of 3625.
5, 29
What are the prime factors of 6777?
3, 251
List the prime factors of 45725.
5, 31, 59
What are the prime factors of 132210?
2, 3, 5, 13, 113
List the prime factors of 1503.
3, 167
What are the prime factors of 2297?
2297
List the prime factors of 7075.
5, 283
What are the prime factors of 16466?
2, 8233
What are the prime factors of 1154?
2, 577
What are the prime factors of 1977?
3, 659
What are the prime factors of 68642?
2, 7, 4903
What are the prime factors of 1291?
1291
List the prime factors of 5717.
5717
What are the prime factors of 664?
2, 83
What are the prime factors of 937?
937
List the prime factors of 838.
2, 419
List the prime factors of 637.
7, 13
List the prime factors of 22653.
3, 839
List the prime factors of 125.
5
What are the prime factors of 2266?
2, 11, 103
What are the prime factors of 21873?
3, 23, 317
What are the prime factors of 2400?
2, 3, 5
List the prime factors of 42106.
2, 37, 569
What are the prime factors of 42486?
2, 3, 73, 97
What are the prime factors of 1195?
5, 239
What are the prime factors of 2110?
2, 5, 211
List the prime factors of 2525.
5, 101
List the prime factors of 3601.
13, 277
What are the prime factors of 28424?
2, 11, 17, 19
List the prime factors of 12362.
2, 7, 883
What are the prime factors of 135793?
7, 19, 1021
List the prime factors of 531.
3, 59
List the prime factors of 1547.
7, 13, 17
What are the prime factors of 9760?
2, 5, 61
List the prime factors of 6499.
67, 97
What are the prime factors of 10426?
2, 13, 401
List the prime factors of 57.
3, 19
List the prime factors of 26142.
2, 3, 4357
List the prime factors of 55628.
2, 13907
What are the prime factors of 1251?
3, 139
List the prime factors of 692.
2, 173
List the prime factors of 8879.
13, 683
What are the prime factors of 697?
17, 41
List the prime factors of 18684.
2, 3, 173
What are the prime factors of 26901?
3, 7, 61
List the prime factors of 70100.
2, 5, 701
What are the prime factors of 839?
839
List the prime factors of 3289.
11, 13, 23
List the prime factors of 166264.
2, 7, 2969
List the prime factors of 170988.
2, 3, 14249
What are the prime factors of 2574?
2, 3, 11, 13
List the prime factors of 13343.
11, 1213
List the prime factors of 16035.
3, 5, 1069
What are the prime factors of 45974?
2, 127, 181
What are the prime factors of 2276?
2, 569
List the prime factors of 372.
2, 3, 31
List the prime factors of 75628.
2, 7, 37, 73
List the prime factors of 8903.
29, 307
What are the prime factors of 12298?
2, 11, 13, 43
List the prime factors of 26121.
3, 8707
What are the prime factors of 150521?
7, 21503
List the prime factors of 48747.
3, 16249
What are the prime factors of 767?
13, 59
List the prime factors of 269.
269
What are the prime factors of 4346?
2, 41, 53
List the prime factors of 5086.
2, 2543
List the prime factors of 45015.
3, 5, 3001
What are the prime factors of 34440?
2, 3, 5, 7, 41
List the prime factors of 2350.
2, 5, 47
What are the prime factors of 1419?
3, 11, 43
List the prime factors of 14787.
3, 31, 53
List the prime factors of 26368.
2, 103
What are the prime factors of 1858?
2, 929
What are the prime factors of 8935?
5, 1787
List the prime factors of 36416.
2, 569
What are the prime factors of 2017?
2017
What are the prime factors of 4505?
5, 17, 53
List the prime factors of 3836.
2, 7, 137
List the prime factors of 33052.
2, 8263
What are the prime factors of 91280?
2, 5, 7, 163
What are the prime factors of 47735?
5, 9547
What are the prime factors of 154?
2, 7, 11
List the prime factors of 4657.
4657
What are the prime factors of 37110?
2, 3, 5, 1237
What are the prime factors of 15238?
2, 19, 401
List the prime factors of 128.
2
What are the prime factors of 60?
2, 3, 5
List the prime factors of 1077.
3, 359
List the prime factors of 82171.
82171
List the prime factors of 2573.
31, 83
What are the prime factors of 1095?
3, 5, 73
List the prime factors of 10305.
3, 5, 229
List the prime factors of 3433.
3433
What are the prime factors of 21232?
2, 1327
What are the prime factors of 12788?
2, 23, 139
What are the prime factors of 725?
5, 29
What are the prime factors of 4221?
3, 7, 67
What are the prime factors of 6824?
2, 853
List the prime factors of 16114.
2, 7, 1151
List the prime factors of 19903.
13, 1531
List the prime factors of 4457.
4457
What are the prime factors of 7148?
2, 1787
List the prime factors of 27.
3
What are the prime factors of 271?
271
List the prime factors of 98204.
2, 24551
What are the prime factors of 2565?
3